 6643. Calculate the remainder when 9463 is divided by l.
90
Let v(m) = 4*m**3 - 5*m**2 + 15*m - 8. Suppose 26*f = 28*f - 94. Calculate the remainder when v(3) is divided by f.
6
Calculate the remainder when 73 is divided by 253/8 + 150/400.
9
Suppose 3*r - 2*d - 1785 = -80, -2*r = -d - 1135. Suppose -r = 4*x - 205. Let c = -64 - x. Calculate the remainder when 127 is divided by c.
23
Suppose 28*l - 5628 = 7*l. Let d = l - 252. Calculate the remainder when 27 is divided by d.
11
Suppose 0 = 2*w - 0 - 16. Suppose -163 + 37 = -3*r - c, -2*c = r - 37. Calculate the remainder when r is divided by w.
3
Let a(b) = -2*b**3 + 23*b**2 - 11*b - 1. Let r be a(11). Calculate the remainder when (r - -3)*(-1830)/(-4) is divided by 9.
6
Suppose -71*i = -68116 + 62436. Suppose 64 = 4*x - 3*f, -x + 4*x + f = 35. Suppose x + 53 = 3*g + 5*p, g = p + 30. What is the remainder when i is divided by g?
26
Let s be (6/10 - 30/50)/(-3). Suppose -64*f + 2363 + 837 = s. Calculate the remainder when 341 is divided by f.
41
Let g = -5961 - -6110. What is the remainder when 331 is divided by g?
33
Let m = -4283 + 4403. Calculate the remainder when 717 is divided by m.
117
Suppose 19*u - 173*u + 56518 = 0. Calculate the remainder when u is divided by 217.
150
Let v = 370 + -368. Suppose -v*o - 4*u = -208, 3*o + 5*u = 133 + 180. What is the remainder when o is divided by 54?
52
Let o be -14 + 25 + -3*2. What is the remainder when (o*4/8)/(2/100) is divided by 27?
17
Suppose -38*k = 2*k + 1864 - 20904. What is the remainder when 954 is divided by k?
2
Suppose -5*q + 426 = 4*t, 0*t + 434 = 5*q - 4*t. Let y = 2 - q. Let c = y + 267. Calculate the remainder when c is divided by 37.
35
Calculate the remainder when (-3333)/(-12) + (360/32)/(-15) is divided by 14.
11
Let r(y) be the second derivative of -y**5/20 + y**4/2 - y**3/2 - y**2 - 3*y + 63. Let w be 14/8 + 3/12. What is the remainder when 44 is divided by r(w)?
4
Let l(u) be the third derivative of 13*u**6/60 + u**5/30 - 15*u**2. Let d be l(1). Suppose 5*a + d - 193 = 0. Calculate the remainder when 63 is divided by a.
30
Let m(r) = -r + 3. Let k = 0 - -39. Let d = 59 - k. What is the remainder when d is divided by m(-4)?
6
Let d be 52816/(-200) - 2/(-25). Let y = d + 285. What is the remainder when 41 is divided by y?
20
Calculate the remainder when 7252 is divided by ((-4)/6*59/(-2))/(1/3).
54
Let d(h) = h**2 - 5*h - 6. Calculate the remainder when 260 is divided by d(-2).
4
Suppose -2*j = -172*a + 170*a - 54, 2*a = 6. Calculate the remainder when 2788 is divided by j.
28
Let l = 17480 - 16927. Calculate the remainder when l is divided by 79.
0
Suppose 42*g = -60*g + 5594 - 188. What is the remainder when 1163 is divided by g?
50
Suppose -601 = 10*j + 12099. Let d = -881 - j. What is the remainder when d is divided by 14?
11
Suppose 28*h + 23*h = 3*h + 140448. What is the remainder when h is divided by 47?
12
Suppose 0 = 5*r - 3*d - 164, 229 = -30*r + 36*r + d. Calculate the remainder when 49 is divided by r.
12
Let y = 4 - -27. Suppose 4*i + m = 165, -m = i - 30 - 12. Suppose 7*n - 6*n = 5*h - i, h - 2*n = 10. Calculate the remainder when y is divided by h.
7
Let c be (-10)/35 - (-1290)/7. Suppose 0 = -4*s - 4*o - o + c, -2*o = 4*s - 172. Calculate the remainder when s is divided by 14.
13
Let l be 3 + -5 - (-9 + 5). Calculate the remainder when 282 - -9*((-28)/12 + l) is divided by 56.
55
Let u be (-16)/56 - 5/7. Let c = 16 - u. Suppose -2*i = -4*q + 246, 5*i = -q + 21 + 46. What is the remainder when q is divided by c?
11
What is the remainder when 30430/66 + (-98)/1617 is divided by 22?
21
Suppose -6*w + 1495 = -587. Suppose -14*b + w = -1067. What is the remainder when b is divided by 51?
50
Let s(x) = 14*x**2 + 40*x - 58. Calculate the remainder when s(-34) is divided by 27.
24
Let i = 629 - 587. Suppose 26*m - i*m = -3344. What is the remainder when m is divided by 30?
29
Suppose 4*j - 112 = -3*a - 99, 5*a - 16 = -j. What is the remainder when 2214 is divided by a?
0
Let q = -171 - -192. Calculate the remainder when 435 is divided by q.
15
Let z be (4/(-3))/(48/(-45) - -1). Let l = z - -4. Calculate the remainder when 405 is divided by l.
21
Let x(z) = -306*z - 3721. Calculate the remainder when 1811 is divided by x(-13).
12
Let c = 2 + -26. Let g be (84/c)/(1/(-2)). Suppose -l + 5 = -g. Calculate the remainder when l is divided by 7.
5
Let a = 45777 - 45719. Calculate the remainder when a is divided by ((-6)/(-4) + 0)*20.
28
Let n = 183 - 119. Suppose -5*s + 3*j = -0*j - 223, 251 = 5*s + 4*j. Let v = s - 25. What is the remainder when n is divided by v?
20
Suppose 308 + 432 = 5*y. Let g(z) = -z + 48. Calculate the remainder when y is divided by g(17).
24
Let x = -842 + 533. Let c = -280 - x. Let v(b) = 10*b**2 + 1. Calculate the remainder when c is divided by v(-1).
7
Let h be 5 + (-30)/21 + 24/56. Suppose -54 = -5*n - p, n - 14 = h*p - p. Calculate the remainder when 141 is divided by n.
9
Suppose -16029 + 15053 = -4*z. What is the remainder when z is divided by 50?
44
Suppose 9*s - 67 + 67 = 0. Let t = -16 + 33. Calculate the remainder when (s - 12/(-42)) + 771/21 is divided by t.
3
Suppose -44100 = 18744*f - 18780*f. Calculate the remainder when f is divided by 1217.
8
Suppose 5*g + 5*j = 275, -217 = -4*g + j - 4*j. What is the remainder when (-204)/1326 - 6*(-842)/g is divided by 9?
7
Suppose -513*b + 509*b + 9321 = -3*j, 0 = -3*b + j + 6997. What is the remainder when b is divided by 167?
163
Suppose o - 4*o + 95 = 5*m, 5*o = 0. Let g be (0/(18/3))/(-2). Suppose -5*d + 265 = 4*q, 0*q - 2*q = g. Calculate the remainder when d is divided by m.
15
Let k = 12758 - 12521. Calculate the remainder when 487 is divided by k.
13
Let n = 3474 - 3287. What is the remainder when n is divided by 101?
86
Calculate the remainder when -2*(-65 + (-2 - 1)) is divided by 64/2 + 45/6*4/6.
25
Let o be 22 + (-1 - (3 + -2))*-1. What is the remainder when 102*16/18*18/o is divided by 7?
5
Calculate the remainder when 272/(160/200*(-5)/(-6)) is divided by 181.
46
Let v = 53 + -31. Suppose 5*u = 53 + v. Suppose -5*m + 64 = 3*m. Calculate the remainder when u is divided by m.
7
Suppose -4*p - 2620 = -12*p - 532. Calculate the remainder when 1046 is divided by p.
2
Let k be (-350)/(-45) + (-8)/(-36). Suppose -k*f + 6*f + 38 = 0. Suppose -5*q + 90 = -3*m, -2*q + f = m - 6. Calculate the remainder when 37 is divided by q.
7
Let n(t) = -9*t**3 + 3*t**2 + 9*t - 25. Let x(w) = -11*w**3 + 4*w**2 + 10*w - 26. Let h(b) = 6*n(b) - 5*x(b). What is the remainder when 58 is divided by h(3)?
0
Suppose -3*n + 146 = -502. Suppose 32*p - 26*p - n = 0. Suppose -2*t = -2*c + p, 0 = -c + 3*c - 3*t - 33. Calculate the remainder when 40 is divided by c.
19
Let x = -139 + 134. What is the remainder when (1/(-2))/((x + 2)/1932) is divided by 25?
22
Let r be (-2)/(-1)*12/(240/(-350)). Let o = 138 - 86. Let m = o + r. What is the remainder when 50 is divided by m?
16
Let y = -13 - -22. Let j(k) = -5*k - 2. Let s be j(-20). Suppose f = b - f - 26, -5*f - s = -4*b. Calculate the remainder when b is divided by y.
4
Suppose 123*w = 91*w + 2048. Let g = -15 + 26. Calculate the remainder when w is divided by g.
9
Let z(m) = m**3 - 6*m**2 + 10*m + 1. Let p be z(6). Let n = p - 59. Suppose n*a + a = 75. Calculate the remainder when 97 is divided by a.
22
Let z(g) = -153*g**3 + 2*g**2 - 10*g - 7. Calculate the remainder when z(-1) is divided by 42.
32
Let b = 7911 + -7827. What is the remainder when b is divided by 41?
2
Suppose 3*a = 4*p + 13, 20 = 4*a - 3*p - 2. What is the remainder when 82 is divided by a?
5
Suppose -28 = h - 3*h. What is the remainder when (-25)/(-1) - (-336 + 55) is divided by h?
12
Suppose -23*a + 420 = -109. Calculate the remainder when a is divided by 11.
1
Let r = 435 - 430. Suppose 5*k + r*v - 21 = 59, 5*k + 2*v - 77 = 0. Calculate the remainder when 209 is divided by k.
14
Suppose -m - 83 - 45 = 0. Let c = m + 46. Let x = c - -219. Calculate the remainder when x is divided by 28.
25
Suppose 3*k + 1712 - 4732 = 4*b, -5*k - b = -4995. Let g = k + -527. Calculate the remainder when g is divided by 68.
65
Suppose 13*m = -0*m + 26. Let l(a) = 31*a - 25. Calculate the remainder when 117 is divided by l(m).
6
Calculate the remainder when 1553 i